-240) + 6252/5. Suppose -c = -12*s - 242. Calculate the greatest common factor of s and 196.
28
Let p = 1 + -1. Let w(b) = -b + 14. Let g be w(p). Suppose 64*y - 138*y + 13230 = 115*y. What is the highest common factor of y and g?
14
Suppose 3*p = -j + 4804, 0*p - 5*p + 8002 = -3*j. Let i = 2551 - p. What is the highest common factor of i and 38?
38
Suppose j = -4*y + 113069, y + 21*j = 18*j + 28281. Calculate the highest common factor of 42 and y.
42
Let k(m) = m**3 - 6*m**2 + 18*m + 115. Let w be k(5). What is the highest common divisor of 36 and w?
36
Suppose 3*m = 5*z - 25, 3*m + 15 = 2*z + z. Suppose -d = -37 + 38, -2*u - 3*d + 319 = m. What is the greatest common divisor of 7 and u?
7
Suppose 81 = -5*s + 381. Suppose -7*v = -4*v - 159. Suppose -4*g = -3*t - 60, 8 = -3*g + t + v. What is the greatest common factor of s and g?
15
Let c = -3373 - -3694. What is the highest common divisor of 10272 and c?
321
Let u = 3562 - 2142. What is the highest common divisor of u and 60?
20
Let h be 8 - (-2 - (-5 - (-1 - -3))). Calculate the greatest common divisor of h and 349.
1
Suppose 0 = 424*c - 54*c - 10056 - 5114. Calculate the highest common divisor of 11603 and c.
41
Let d = -2833 - -2892. What is the greatest common divisor of 3363 and d?
59
Let h be (1*125/2)/((-67)/(-66) - 1). Calculate the greatest common divisor of h and 600.
75
Suppose -4*j - 194 = -2*g, -21*j + 19*j = -4*g + 370. Let v be 168/(-16)*(-2 - 0). What is the highest common divisor of g and v?
7
Let w(l) be the first derivative of l**4/4 - l**3/3 + 5*l**2/2 - 7*l - 3. Let p = 867 + -864. Let b be w(p). Calculate the highest common factor of 182 and b.
26
Suppose 0 = 3*w + p - 11714, 4*p + 5532 + 6172 = 3*w. What is the highest common divisor of w and 183?
61
Suppose 4*r - 29*r = 58*r - 120848. What is the greatest common divisor of 336 and r?
112
Let u = 5 + -3. Let b(y) = 7*y + 1. Let k be b(u). Suppose 0 = -9*p + 131 - 86. What is the greatest common divisor of k and p?
5
Suppose -615*z + 636*z - 63 = 0. Suppose 4*y = 2*y - 2, -5*o + 3*y = -3. Let w = 3 - o. What is the highest common factor of z and w?
3
Let g = -11320 - -11548. Calculate the greatest common divisor of g and 855.
57
Suppose 9 = 3*x - 3*o, 1 = -4*x - 4*o + 13. Let t(n) = -18*n**2 - 12 - 27*n - 19 + 32 + n**x. Let j be t(20). Calculate the highest common divisor of 29 and j.
29
Let w be 3/(-11) - 3450/(-550). Calculate the highest common factor of 489 and w.
3
Let r = -35 + 53. Suppose 0 = 3*u + r - 9. Let v be 8/1*((-18)/u)/3. Calculate the greatest common divisor of v and 16.
16
Let o = 100032 + -99948. Let i(s) = 78*s - 6. Let w be i(6). What is the highest common divisor of w and o?
42
Suppose 1050 = 2*p + 4*x, -5*x = 69*p - 74*p + 2715. What is the greatest common divisor of p and 12?
3
Let r be 2/(-8) + 469/4. Let z = -25532 + 25550. Calculate the highest common factor of z and r.
9
Suppose 5*w + l - 80 = 719, 779 = 5*w - 4*l. What is the highest common divisor of w and 848?
53
Suppose -4*y - 2 = -5*y. Let k be (-2)/(y + (-12)/8). Let m(a) = -a**3 - 2*a**2 - 2*a - 1. Let q be m(k). What is the highest common factor of 26 and q?
13
Suppose l + 2*k + 12 = 100, 5*l - 3*k = 505. Calculate the highest common divisor of 28 and l.
14
Suppose -3*i = 15, -2*w = -4*i + i - 867. What is the highest common divisor of w and 1917?
213
Let f be (-10)/(-8) + (-585)/(-364)*21. What is the greatest common factor of 80 and f?
5
Let t be ((-160)/15)/(-4)*15/10. Let f be 31/93 - t/(-6). What is the highest common divisor of f and 27?
1
Suppose -3*z = g + 3*g + 42, 0 = 3*z + 3*g + 39. Let f be (-290)/z + (0 - 2). Let u = -185 + 374. What is the highest common divisor of f and u?
27
Let t(d) = -d + 12. Let i be t(18). Let p be (-3255)/(-124) + i/(-8). What is the highest common divisor of 81 and p?
27
Suppose 0 = 27*x + 1976 - 4877 - 5604. What is the greatest common divisor of x and 1015?
35
Let n(x) = -23*x**3 - 2*x**2 - x + 1. Let c be n(-1). Suppose 0 = -2*t - 16 + 100. Let y = t - c. What is the highest common factor of y and 95?
19
Let y = -253 + 100. Let n = 100 - y. Calculate the greatest common divisor of 33 and n.
11
Let q = 361 + -392. Let n be (25 + q)*(-17)/3. Calculate the greatest common factor of 68 and n.
34
Let f(x) = 107*x + 6. Let g be f(2). Calculate the highest common divisor of g and 154.
22
Let i be 46/(-1 - 3/(-2)). Let t(h) = -h**3 - 2*h**2 + 11*h + 3. Let a be (-5 - -6)*5*(1 - 2). Let x be t(a). What is the greatest common factor of i and x?
23
Let r be (320/(-6))/((-1206)/(-324) - 4). What is the greatest common factor of r and 1584?
48
Let g(q) = -10479*q**2 + 3*q + 4. Let p be g(-1). Let x be 2/(-4) + p/(-124). What is the highest common divisor of 12 and x?
12
Suppose r - 5*a - 2 = 2*r, r - 3*a = 6. Let x be (6/3 - r) + 3. Suppose 77 = x*c - 51. Calculate the greatest common factor of 48 and c.
16
Suppose 2*h = 2*i - 38, -66*i - 9*h - 106 = -70*i. What is the highest common divisor of i and 14209?
13
Let u(r) = 2076*r - 193. Let h be u(2). Calculate the highest common factor of 107 and h.
107
Let x = -20 - -26. Suppose -x*i = -196 + 28. Suppose 7 = 3*b - p, 2*b - p = 5*b - 17. Calculate the greatest common factor of i and b.
4
Suppose 0 = k - 2*z + 43 - 211, k - 166 = 4*z. Calculate the greatest common factor of 34 and k.
34
Suppose -2 = n - 24. Let x(y) = 2*y**2 - 5*y. Suppose -i + 3*b = -4*i + 27, 5*b - 37 = -4*i. Let w be x(i). Calculate the highest common divisor of w and n.
22
Suppose 0 = 6*u - 8*u + 66. Let z(b) = 11*b**2 + 7*b + 14. Let a be z(-2). What is the greatest common factor of u and a?
11
Suppose 3*i - 6*i + 1080 = 0. Suppose 85 = 5*q - 140. What is the greatest common divisor of q and i?
45
Suppose 11*r = 7*r + 5*z + 20352, 4*z - 16 = 0. What is the highest common divisor of r and 11?
11
Suppose -21*o = -278 - 352. Let p(y) = y**2 - 7*y - 8. Let j be p(9). What is the greatest common divisor of j and o?
10
Suppose 3*f - 11 = -o, -2*f + 3*o = -o + 16. Let c be (-5 + f)/((-15)/20). Suppose -c*t = -9*t + 30. What is the highest common divisor of t and 78?
6
Let z(p) = -65*p - 3. Let k be z(2). Let s = 233 + k. Suppose -80 = -5*u + s. What is the highest common divisor of 24 and u?
12
Let t = 743 + -421. Let r = t - 314. Calculate the greatest common divisor of r and 36.
4
Let v be ((-39)/18)/(15/18 - 1). Suppose -3*d = 4*q - 3 + 5, -5*q + 4*d + v = 0. What is the greatest common divisor of 4 and q?
1
Let r be (-2 - 1)/(180/(-8160)). Calculate the highest common divisor of 374 and r.
34
Let t be 4/(39/130 + 1/5). Suppose t*y = y + 35. Suppose -a = y*o - 71, 2*o - 4*a - 25 = -1. What is the greatest common factor of 182 and o?
14
Suppose 0 = 5*s + 2*v - 15, -5*s + 8*v - 11*v = -10. Suppose -s*p + 187 = -913. Suppose 3*n + 15 - 48 = 0. What is the highest common factor of p and n?
11
Let i = 16872 + -8175. Calculate the greatest common divisor of i and 78.
39
Let d = 53 - 11. Let v = -1458 + 2508. What is the greatest common factor of d and v?
42
Suppose -134*p = -131*p - 15. Suppose -p*c = 413 - 428. Calculate the greatest common divisor of c and 4.
1
Let z = -6419 - -8850. What is the greatest common factor of z and 1122?
187
Suppose 7*l = 5*l + 6, 4*l = 4*t + 28. Let f be 1 + 2 + t - 4*-47. What is the greatest common divisor of f and 11?
11
Let j = 70 + -25. Suppose 4*m - 26 = -3*b + 6*b, -33 = -5*m + 4*b. Calculate the highest common divisor of m and j.
5
Suppose -41*g - 51*g + 4177 + 4287 = 0. What is the highest common divisor of 2668 and g?
92
Suppose 7482 - 5592 = 35*m. What is the greatest common divisor of m and 19350?
18
Let q be 8/((-16)/(-63))*(3 + 125). What is the highest common factor of q and 48?
48
Suppose 533 + 226 = 3*t. Let b(g) = g**2 + 22*g + 56. Let p be b(-21). Suppose -p*u = -1200 + 395. What is the highest common divisor of u and t?
23
Let y = 356 + -128. Suppose -30*d = 4*j - 33*d - y, -3*d = 0. What is the highest common divisor of 19 and j?
19
Let a(l) = 2*l**2 + 5*l - 2. Suppose -16*m = -0*m - 32. Let o be a(m). What is the highest common divisor of 104 and o?
8
Let n be ((-8)/(-14))/(47/987). Suppose -n*k + 495 = 183. Let u be (-104)/10*(-25)/10. What is the greatest common divisor of u and k?
26
Let u = 6559 - 6042. Calculate the highest common d